is the remainder when 2325 is divided by 161?
71
Calculate the remainder when 425450 is divided by 23635.
20
Calculate the remainder when 44878 is divided by 680.
678
What is the remainder when 10619 is divided by 5304?
11
What is the remainder when 28431 is divided by 276?
3
Calculate the remainder when 1347 is divided by 37.
15
Calculate the remainder when 22998 is divided by 22990.
8
Calculate the remainder when 3942 is divided by 1289.
75
Calculate the remainder when 82604 is divided by 20648.
12
What is the remainder when 15934 is divided by 332?
330
Calculate the remainder when 23634 is divided by 649.
270
Calculate the remainder when 660 is divided by 560.
100
What is the remainder when 27860 is divided by 81?
77
Calculate the remainder when 271 is divided by 223.
48
Calculate the remainder when 16864 is divided by 32.
0
What is the remainder when 511931 is divided by 359?
356
What is the remainder when 18906 is divided by 487?
400
Calculate the remainder when 11100 is divided by 443.
25
Calculate the remainder when 30056 is divided by 167.
163
Calculate the remainder when 379503 is divided by 6.
3
Calculate the remainder when 180682 is divided by 7.
5
What is the remainder when 658531 is divided by 12195?
1
What is the remainder when 90138 is divided by 144?
138
Calculate the remainder when 4810 is divided by 440.
410
Calculate the remainder when 16766 is divided by 97.
82
Calculate the remainder when 12832 is divided by 38.
26
What is the remainder when 4896 is divided by 79?
77
What is the remainder when 50136 is divided by 31?
9
What is the remainder when 238785 is divided by 402?
399
What is the remainder when 1092 is divided by 37?
19
Calculate the remainder when 12082 is divided by 19.
17
Calculate the remainder when 2618 is divided by 318.
74
What is the remainder when 13599 is divided by 15?
9
Calculate the remainder when 2978 is divided by 909.
251
What is the remainder when 601 is divided by 93?
43
What is the remainder when 73032 is divided by 144?
24
Calculate the remainder when 189199 is divided by 1590.
1579
What is the remainder when 28116 is divided by 178?
170
Calculate the remainder when 44629 is divided by 87.
85
What is the remainder when 67614 is divided by 490?
484
Calculate the remainder when 103812 is divided by 152.
148
What is the remainder when 3095 is divided by 2792?
303
What is the remainder when 91610 is divided by 24?
2
Calculate the remainder when 200113 is divided by 3.
1
Calculate the remainder when 14398 is divided by 947.
193
Calculate the remainder when 97 is divided by 31.
4
What is the remainder when 3331 is divided by 1411?
509
Calculate the remainder when 17070 is divided by 362.
56
Calculate the remainder when 3166 is divided by 1080.
1006
Calculate the remainder when 6617 is divided by 6608.
9
What is the remainder when 3104882 is divided by 49?
46
What is the remainder when 6203 is divided by 461?
210
What is the remainder when 12226 is divided by 255?
241
What is the remainder when 122147 is divided by 40639?
230
Calculate the remainder when 79380 is divided by 3607.
26
What is the remainder when 2175 is divided by 91?
82
Calculate the remainder when 84096 is divided by 84079.
17
What is the remainder when 4980 is divided by 1002?
972
Calculate the remainder when 42196 is divided by 480.
436
Calculate the remainder when 281565 is divided by 24.
21
Calculate the remainder when 179008 is divided by 162.
160
Calculate the remainder when 26856 is divided by 34.
30
What is the remainder when 4635 is divided by 737?
213
Calculate the remainder when 4326 is divided by 496.
358
What is the remainder when 2172 is divided by 2030?
142
What is the remainder when 163793 is divided by 17?
15
What is the remainder when 2390 is divided by 142?
118
What is the remainder when 21089 is divided by 312?
185
Calculate the remainder when 849 is divided by 174.
153
What is the remainder when 30731 is divided by 68?
63
What is the remainder when 139191 is divided by 293?
16
What is the remainder when 599 is divided by 73?
15
Calculate the remainder when 1310 is divided by 433.
11
What is the remainder when 41142 is divided by 262?
8
Calculate the remainder when 57042 is divided by 2716.
6
Calculate the remainder when 154324 is divided by 2707.
25
What is the remainder when 12018 is divided by 293?
5
What is the remainder when 1202 is divided by 623?
579
What is the remainder when 52668 is divided by 1121?
1102
What is the remainder when 6074 is divided by 490?
194
What is the remainder when 22281 is divided by 175?
56
Calculate the remainder when 45468 is divided by 108.
0
Calculate the remainder when 7345294 is divided by 42.
40
Calculate the remainder when 764 is divided by 690.
74
What is the remainder when 162222 is divided by 35?
32
What is the remainder when 184517 is divided by 1792?
1733
What is the remainder when 517471 is divided by 172487?
10
Calculate the remainder when 6263 is divided by 197.
156
What is the remainder when 34291 is divided by 96?
19
Calculate the remainder when 17210 is divided by 408.
74
What is the remainder when 2240 is divided by 777?
686
Calculate the remainder when 104172 is divided by 1145.
1122
What is the remainder when 998 is divided by 492?
14
Calculate the remainder when 422891 is divided by 65.
1
What is the remainder when 16058 is divided by 119?
112
What is the remainder when 153032 is divided by 600?
32
What is the remainder when 29331 is divided by 174?
99
Calculate the remainder when 1529 is divided by 167.
26
What is the remainder when 148179 is divided by 124?
123
Calculate the remainder when 2820 is divided by 29.
7
Calculate the remainder when 98107 is divided by 31.
23
Calculate the remainder when 2301 is divided by 63.
33
Calculate the remainder when 44589 is divided by 189.
174
Calculate the remainder when 8908 is divided by 165.
163
Calculate the remainder when 57659 is divided by 60.
59
Calculate the remainder when 1950 is divided by 33.
3
What is the remainder when 11021 is divided by 50?
21
Calculate the remainder when 18454 is divided by 166.
28
Calculate the remainder when 1017 is divided by 410.
197
Calculate the remainder when 777 is divided by 112.
105
Calculate the remainder when 3199 is divided by 139.
2
Calculate the remainder when 4949 is divided by 13.
9
Calculate the remainder when 2713 is divided by 355.
228
Calculate the remainder when 708861 is divided by 11.
10
Calculate the remainder when 12650 is divided by 342.
338
What is the remainder when 8763 is divided by 64?
59
What is the remainder when 12040 is divided by 796?
100
Calculate the remainder when 6855 is divided by 146.
139
Calculate the remainder when 403 is divided by 90.
43
What is the remainder when 3685 is divided by 1731?
223
Calculate the remainder when 62242 is divided by 67.
66
Calculate the remainder when 1457710 is divided by 144.
142
Calculate the remainder when 1903 is divided by 407.
275
Calculate the remainder when 23670 is divided by 5917.
2
What is the remainder when 11662 is divided by 18?
16
Calculate the remainder when 1022 is divided by 251.
18
Calculate the remainder when 107163 is divided by 30.
3
Calculate the remainder when 9710 is divided by 348.
314
What is the remainder when 22057 is divided by 2679?
625
What is the remainder when 10732 is divided by 3558?
58
What is the remainder when 11782 is divided by 513?
496
Calculate the remainder when 37332 is divided by 322.
302
Calculate the remainder when 61940 is divided by 1409.
1353
Calculate the remainder when 2077 is divided by 2057.
20
What is the remainder when 62040 is divided by 1034?
0
What is the remainder when 89334 is divided by 433?
136
What is the remainder when 147248 is divided by 47?
44
What is the remainder when 479 is divided by 36?
11
What is the remainder when 233996 is divided by 17997?
35
Calculate the remainder when 10207 is divided by 915.
142
Calculate the remainder when 1609 is divided by 227.
20
What is the remainder when 156129 is divided by 58?
51
Calculate the remainder when 325427 is divided by 10.
7
What is the remainder when 108349 is divided by 108344?
5
What is the remainder when 14448 is divided by 313?
50
What is the remainder when 3947 is divided by 1405?
1137
What is 